. Let r be x(7). Suppose p + 0*p = -2*v + 14, 0 = -r*v + 5*p. Let f(n) be the third derivative of n**4/24 + n**3/3 - n**2. What is f(v)?
7
Let m(p) = p**2 - 1. Suppose 5*d = -3*k - 18, 0*k - 9 = 4*d - 3*k. What is m(d)?
8
Let c(x) be the first derivative of 4*x + 1/2*x**2 + 1. Give c(-6).
-2
Let p(a) = a**2 + 9*a - 3. Let i = 78 - 86. What is p(i)?
-11
Let n(a) = 11*a**3 + 3*a**2 + 2*a + 21. Let c(g) = -5*g**3 - 2*g**2 - g - 10. Let y(w) = 9*c(w) + 4*n(w). What is y(-6)?
0
Suppose -3*d - 2*g + 5 + 1 = 0, -2*d = 2*g - 4. Suppose 3*n - 2 = -4*i, 4*n + 4 = d*n - 4*i. Let c be n*(2 - 8/3). Let w(h) = h**3 + 4*h**2 - 2. Calculate w(c).
-2
Let v(n) = -3*n**2 + 5*n + 7. Let d(c) = 4*c**2 - 5*c - 8. Let o(q) = 4*d(q) + 5*v(q). Determine o(-3).
-3
Let n(r) = -2*r + 9. Let y be n(6). Let d = 19 + -12. Let s(b) = 3*b + 5 + 2 - 4 - d + 2*b**2. Determine s(y).
5
Suppose -u + 3*u = 0. Let l(p) = -6 + 1 + u*p - p. Give l(-6).
1
Let u(g) = -g - 3. Suppose 4*b = -3*p - 15, -3*p = -7*p + 12. Calculate u(b).
3
Let h = 34 - 39. Let y(x) = -x**3 - 4*x**2 + 5*x - 5. Calculate y(h).
-5
Let i(z) = -29*z - 3 + 2*z - z**2 + 1 + 23*z. Determine i(-5).
-7
Let f be ((-6)/(-8))/(60/8). Let d(m) be the third derivative of 0*m + 0 - 2*m**2 - 1/120*m**6 - 1/4*m**4 + 0*m**3 + f*m**5. What is d(4)?
8
Let z(o) = -o**3 - 7*o**2 - 7*o - 6. Suppose -3*t + 2*c - 18 = 0, -4*t + 2*c - 7*c - 24 = 0. What is z(t)?
0
Let o(a) be the third derivative of -a**6/120 + a**3/6 + 14*a**2. Suppose 6*d = 4*x + d - 1, 3*x = -2*d - 5. Determine o(x).
2
Let i(j) be the first derivative of j**4/4 - 5*j**3/3 + 5*j**2/2 + j + 14. Give i(4).
5
Let o(x) = -6*x**3 - x - 1. Let b be o(-1). Let q(r) = -r**3 - 6*r + 9. Let a(k) = -k**3 + k**2 - 7*k + 10. Let m(g) = b*q(g) - 5*a(g). Determine m(-5).
9
Let c(r) be the first derivative of -r**3/3 + 2*r**2 - 2*r + 4. What is c(4)?
-2
Suppose 0 = -4*a, 2*q + 0*q - a - 34 = 0. Let u = q - 10. Suppose 4*d = d + f - 1, -3*d + u = -5*f. Let n(m) = -8*m**2 - m - 1. Calculate n(d).
-8
Let d(b) = -3*b + 2. Suppose -12 = 4*o, -2*o + 7 + 7 = 5*f. Determine d(f).
-10
Let d = -6 + 2. Let q(t) = 3*t. Calculate q(d).
-12
Let z = 3 - -1. Let b(j) be the first derivative of -j**2/2 + 3*j + 4. Determine b(z).
-1
Let h(l) = -13*l - 6 - 3*l**2 + 5*l**2 - l**2. Let f(v) = -v - 1. Let j(d) = -6*f(d) + h(d). Determine j(6).
-6
Let g(y) = -2*y**2 + 1 - 1 - y. Let n be g(-1). Let p(t) = -3 - t**2 + 3*t**2 - t + 5*t**3 - t**2 + 2. Give p(n).
-4
Let a(d) = -9*d + 3. Let t(i) = i - 1. Let x(g) = a(g) + 2*t(g). What is x(-3)?
22
Let i(k) = -k**3 - 8*k**2 - 2*k - 10. Suppose -421*y + 32 = -425*y. What is i(y)?
6
Let g(u) = -u**3 - 5*u**2 - 5*u - 2. Let c = 127 - 130. What is g(c)?
-5
Let k(f) be the second derivative of 1/2*f**4 + 1/20*f**5 + 5/6*f**3 + 0 + 3/2*f**2 - 2*f. Calculate k(-5).
3
Let o(p) = p**2 + 1. Let h(g) = -3*g**2 + g - 3. Let t(s) = 6*h(s) + 17*o(s). Let z = 50 + -44. What is t(z)?
-1
Let m(n) = -13*n**3 - 12*n**2 - 5*n + 25. Let g(d) = 3*d**3 + 3*d**2 + d - 6. Let c(a) = 9*g(a) + 2*m(a). What is c(-3)?
-1
Let o(u) = -u + 7. Let d = -5 - -6. Let f(m) = -1. Let y(n) = d*o(n) + 3*f(n). What is y(-3)?
7
Let x(z) be the third derivative of z**5/30 - z**3/6 - 7*z**2. Suppose 2*d + 0*d = 4. Give x(d).
7
Let r(u) = -2*u**3 + 11*u**2 - 8*u + 7. Let x be r(5). Let f(s) = s**3 + 8*s**2 + 2*s + 12. What is f(x)?
-4
Let f(x) be the third derivative of -x**4/12 + x**3/3 + 2*x**2. Determine f(5).
-8
Suppose -5 = 5*l + y - 5*y, 4*l + 3*y = -35. Let c(u) = 4*u - 8 - 2*u + 2 + u**2. Determine c(l).
9
Let h(d) be the second derivative of -d**3/6 - 7*d. Give h(-2).
2
Let a(v) = -v**2 + 4*v + 1. Let j = 35 + -31. Give a(j).
1
Let n = 8 - 4. Suppose 9 = -n*d + d. Let y be d/((-9)/12) + 0. Let w(c) = -c**3 + 5*c**2 - 2*c - 1. Give w(y).
7
Let q(w) = -w**3 + 4*w**2 - 4*w - 2. Let i be q(3). Let y(k) = -k + 1. Determine y(i).
6
Suppose 0 = 3*c - 5*c + 5*t + 105, c - 4*t = 60. Suppose 54 = 4*v - 2*a, 3*a - c - 23 = -3*v. Let r = 11 - v. Let f(x) = x**2 + 5*x - 2. Give f(r).
-2
Let h(v) = v - 1. Let q(i) = -1. Let l(f) = -4*h(f) + 4*q(f). Calculate l(-1).
4
Suppose -3*x + 9 + 6 = 0. Let t be (-142)/(-8) - 1/(-4). Let z(j) = 3*j + t - 4*j - 15. Determine z(x).
-2
Let w(m) be the first derivative of -m**4/4 + m**3/3 - 6*m - 56. Calculate w(0).
-6
Let u(z) = z**3 + 4*z**2 - z - 2. Let f = 23 - 27. What is u(f)?
2
Let r = -22 + 26. Let u(d) = 4*d - 9*d + 2 + r*d. Give u(3).
-1
Let j(q) = -q. Let k be j(0). Suppose -4*r + r + 12 = k. Let b(d) be the first derivative of d**3/3 - 2*d**2 - d - 2. Give b(r).
-1
Let m(o) = 5*o + 55. Let q be m(-13). Let w(k) = -k - 19. Give w(q).
-9
Let h(a) be the second derivative of 1/2*a**2 + 0 + 1/6*a**3 + a. Suppose 5 = -5*m - 5. What is h(m)?
-1
Let d(c) = 5 - 7*c - 6*c + c**2 + 11*c - 9*c. What is d(5)?
-25
Let c(k) = k**2 - k - 4. Let t = 182 - 178. Give c(t).
8
Let p(b) = b + 1. Let f(s) = -14 + 11 + 4*s - 12 - 6*s. Let t be f(-10). Give p(t).
6
Let t(s) = s**2 + 6*s + 2. Suppose 0 = -2*c + c - 1. Let z = c + 0. Let w be (-2 - z)*2*2. Calculate t(w).
-6
Let s(z) = z**2 - 3*z - 2. Let y(v) = -2*v**2 + 6*v + 4. Let q(l) = -9*s(l) - 4*y(l). Let r = 6 - 3. Suppose g - 6 = -f, 0*f + r*g = 4*f - 10. Give q(f).
-2
Let f(w) = 11*w - 21. Let l(v) = -5*v + 10. Let i(d) = 6*f(d) + 13*l(d). Let o = 11 - 18. What is i(o)?
-3
Let t = -20 - -13. Let j(d) = d. Give j(t).
-7
Let m(i) be the first derivative of -1/2*i**2 - 2 - 5*i - 1/3*i**3. Let h(t) = t. Let l be h(0). Determine m(l).
-5
Let k(g) = 9*g**2 + 2*g - 5. Let p(a) = 9*a**2 + 3*a - 5. Let b(c) = 5*k(c) - 4*p(c). Let j(w) = -27*w**2 + 5*w + 14. Let u(r) = 11*b(r) + 4*j(r). Give u(1).
-10
Suppose 4*k + 16 = 5*m - 4, -3*m = 3*k - 12. Let y(a) = -1 - 7 - a**2 + 4 + k*a**2 + 6*a. What is y(6)?
-4
Let a(u) = 2*u**2 + 6*u. Let r(g) = g**2 + 9*g + 12. Let l be r(-8). Suppose -3*z - 8 = -7*z - l*j, -2*z = j - 6. Suppose 8 = -6*v + z*v. Determine a(v).
8
Let l = -7 + 7. Let q(g) = g**2 - g - 7*g**2 - 7 - g**3 + l + 1. What is q(-6)?
0
Let c(u) = u**2 - 3. Let a = 18 - 22. Give c(a).
13
Let o(g) = 2*g. Let r = 0 + -2. What is o(r)?
-4
Suppose -2*q - 8 = -5*p, -4*q + 2 = -3*p + 4. Let h be 2/(1 - 3)*1. Let t be (h*p)/(3/3). Let k(d) = -d**3 - d**2 + 2. Give k(t).
6
Let m(z) be the first derivative of -3*z**2/2 + 3*z - 8. Calculate m(4).
-9
Let i(o) = -o + 3 - 4 - 2 + 5. Let p(z) = -z + 13. Let b be p(8). Suppose -2*g = -b*c - 28, 3 = 2*g - 4*c - 21. Give i(g).
-2
Let g be 18/(-12)*-6*(-2)/2. Let x(r) = r**3 + 5*r**2 - 2*r - 5. Let a be x(-5). Let h = a + g. Let s(k) = -k**2 - 5*k + 1. Calculate s(h).
5
Let k(i) = -i**3 - 10*i**2 + 12*i + 9. Let o be k(-11). Let l(u) = u**3 + 6*u**2 + 4*u + 3. Determine l(o).
11
Let y(p) = -3*p**3 + 8*p**2 + p - 5. Let u(s) = -4*s**3 + 9*s**2 + 2*s - 6. Let o(h) = 2*u(h) - 3*y(h). Give o(5).
-17
Let z(m) = -m**2 + m - 1. Let o(h) be the first derivative of h**4/4 - 10*h**3/3 + 3*h + 3. Let p be o(10). Calculate z(p).
-7
Let d(j) = -6*j**3 - j - 1. Let c(q) = q + 13. Let z be c(-9). Let y = z + -5. What is d(y)?
6
Let c(s) = s**2 - 14*s - 3. Let g be c(14). Let r(i) be the second derivative of i**4/12 + i**3/6 - 2*i**2 - 5*i. Determine r(g).
2
Let b(g) = -g + 4. Suppose 5*y + 5*w + 4 = 14, 14 = y - 5*w. Give b(y).
0
Let h(y) = -3*y**2 - y + 4. Let n(x) = -x**2 - 1. Let w = 26 - 24. Let v(a) = w*n(a) - h(a). Let r be (0*(-1)/(-1))/(-1). Give v(r).
-6
Let n(i) = i**2 + 8*i + 9. Let g = 37 - 17. Suppose -4*u = -g, 0 = -0*d + 3*d + 3*u + 3. What is n(d)?
-3
Let a(x) be the second derivative of x**5/20 - x**4/4 + x**3/6 + x**2/2 - x. Let j be -1 - (-1 + 3 + -2). Let u = j + 4. What is a(u)?
4
Let q = -49 + 72. Suppose 4*a + q = a + 2*t, 0 = 4*a + 5*t. Let p(m) = m**2 + 4*m - 3. Calculate p(a).
2
Let c(s) = -3*s + s + 1 - s**2 + 8*s. Give c(6).
1
Let y(p) = -p**3 - 6*p**2 - 7*p - 7. Suppose -3*m + m = 6. Let b(r) = -2*r - 2. Let g be b(m). Let z = -1 - g. What is y(z)?
3
Let o = -15 - -18. Let y(p) = -5*p**2 + p**o + 6 + 3*p**2 - 3 - 4*p - 1. Calculate y(3).
-1
Let q(b) = -b - 2. Let k(v) = 3*v + 6. Let y(f) = 4*k(f) + 11*q(f). Let z be 40/(-22) - ((-602)/77 + 8). What is y(z)?
0
Let c(i) = -5*i - 1. Let a(t) = -14*t - 3. Let o(z) = -3*a(z) + 8*c(z). Suppose 4*f - 1 = 3. Let u be 7/(-2) - f/(-2). Give 